67
What are the prime factors of 5298783628?
2, 59, 22452473
What are the prime factors of 1983954338?
2, 991977169
List the prime factors of 103080848.
2, 13, 23, 29, 743
List the prime factors of 173546221.
53, 3274457
What are the prime factors of 37697342?
2, 59, 319469
List the prime factors of 61719321.
3, 257, 80051
List the prime factors of 1805152842.
2, 3, 191, 2749
What are the prime factors of 6644859?
3, 13, 67, 2543
What are the prime factors of 254719846?
2, 1423, 89501
What are the prime factors of 164818129?
7, 157, 149971
List the prime factors of 1176068757.
3, 389, 1007771
List the prime factors of 248784968.
2, 29, 53, 20233
List the prime factors of 921158097.
3, 307052699
What are the prime factors of 3787444542?
2, 3, 7, 37, 2437223
List the prime factors of 337229293.
229, 251, 5867
What are the prime factors of 389863767?
3, 1459, 89071
List the prime factors of 839123885.
5, 19, 8832883
List the prime factors of 251336243.
29, 8666767
What are the prime factors of 643055807?
1879, 342233
What are the prime factors of 201364776?
2, 3, 41, 68213
List the prime factors of 1091710575.
3, 5, 1617349
What are the prime factors of 4075790990?
2, 5, 407579099
List the prime factors of 3476045106.
2, 3, 61, 3165797
What are the prime factors of 15823927?
7, 2260561
List the prime factors of 60925909.
11, 17, 325807
What are the prime factors of 47596477?
47, 1012691
List the prime factors of 544194724.
2, 107, 1271483
List the prime factors of 621742659.
3, 269, 770437
What are the prime factors of 79858493?
11, 13, 79, 7069
What are the prime factors of 951108513?
3, 1193, 265747
List the prime factors of 78455403.
3, 13, 670559
List the prime factors of 28487008.
2, 11, 80929
List the prime factors of 6421332531.
3, 17, 151, 167, 4993
List the prime factors of 1404587609.
53, 107, 233, 1063
List the prime factors of 17822875.
5, 7, 20369
What are the prime factors of 34987421?
7, 714029
List the prime factors of 69892229.
11, 1747, 3637
What are the prime factors of 265295170?
2, 5, 7, 3789931
What are the prime factors of 1041695405?
5, 41, 5081441
What are the prime factors of 1117042661?
7, 19, 63149
List the prime factors of 110008559.
61, 1803419
List the prime factors of 164522045.
5, 19, 911, 1901
List the prime factors of 598017428.
2, 149504357
List the prime factors of 34729858.
2, 31, 560159
What are the prime factors of 21182666?
2, 97, 137, 797
What are the prime factors of 57866685?
3, 5, 19, 277, 733
What are the prime factors of 1148034576?
2, 3, 13, 97, 1459
List the prime factors of 5284428026.
2, 79, 33445747
What are the prime factors of 495551804?
2, 11, 37, 304393
List the prime factors of 4283413255.
5, 11, 7027, 11083
What are the prime factors of 44989816?
2, 5623727
What are the prime factors of 817742275?
5, 7, 4672813
What are the prime factors of 44694284?
2, 11173571
List the prime factors of 160718868.
2, 3, 4464413
What are the prime factors of 4285430822?
2, 17, 3301, 38183
List the prime factors of 26159549.
13, 17, 118369
What are the prime factors of 2392448323?
283, 919, 9199
What are the prime factors of 193540387?
1499, 129113
List the prime factors of 63570498.
2, 3, 241, 43963
List the prime factors of 1281293.
13, 98561
List the prime factors of 39299723.
31, 59, 21487
What are the prime factors of 804311141?
47, 17113003
What are the prime factors of 747246285?
3, 5, 353, 47041
What are the prime factors of 1443022407?
3, 17, 1669, 5651
List the prime factors of 2886458771.
7, 151, 2730803
List the prime factors of 5832049763.
23, 253567381
List the prime factors of 131768211.
3, 19, 37, 43, 1453
What are the prime factors of 7947605540?
2, 5, 7, 56768611
List the prime factors of 445540941.
3, 49504549
What are the prime factors of 49652396?
2, 19, 653321
What are the prime factors of 53110484?
2, 7, 29, 65407
List the prime factors of 98556843.
3, 7, 11, 31, 13763
What are the prime factors of 51955608?
2, 3, 2164817
What are the prime factors of 482306357?
13, 37100489
List the prime factors of 221084538.
2, 3, 673, 54751
What are the prime factors of 1490763894?
2, 3, 229, 1084981
What are the prime factors of 31106813?
53, 586921
List the prime factors of 198261604.
2, 47, 1054583
What are the prime factors of 6910868269?
6910868269
What are the prime factors of 41826212?
2, 139, 75227
What are the prime factors of 111090414?
2, 3, 23, 43, 97, 193
List the prime factors of 2709035061.
3, 163, 5539949
What are the prime factors of 722623827?
3, 19, 29, 437159
List the prime factors of 774985970.
2, 5, 11, 17, 414431
List the prime factors of 626397519.
3, 11, 193, 8941
List the prime factors of 25735545.
3, 5, 11, 51991
What are the prime factors of 249604885?
5, 29, 73, 23581
What are the prime factors of 3673627861?
59, 457, 136247
List the prime factors of 99612178.
2, 59, 317, 2663
What are the prime factors of 12702434?
2, 17, 547, 683
List the prime factors of 183661151.
907, 202493
What are the prime factors of 130143290?
2, 5, 2803, 4643
What are the prime factors of 1471994107?
809, 1819523
What are the prime factors of 48997533?
3, 13, 1256347
List the prime factors of 454461733.
11, 4789, 8627
List the prime factors of 1106256748.
2, 131, 2111177
List the prime factors of 482715471.
3, 7, 22986451
List the prime factors of 554822021.
13, 19, 1277, 1759
What are the prime factors of 53765901?
3, 7, 853427
What are the prime factors of 164195169?
3, 19, 149, 19333
List the prime factors of 3807281508.
2, 3, 2011, 157769
What are the prime factors of 494768744?
2, 61846093
List the prime factors of 1700039416.
2, 41, 5183047
What are the prime factors of 95546913?
3, 7, 11, 37, 1597
What are the prime factors of 64184812?
2, 19, 23, 73, 503
What are the prime factors of 42459276?
2, 3, 37, 95629
List the prime factors of 35061676.
2, 13, 674263
List the prime factors of 612431.
257, 2383
List the prime factors of 56975313.
3, 17, 503, 2221
List the prime factors of 134573133.
3, 577, 77743
What are the prime factors of 81247180?
2, 5, 7, 499, 1163
What are the prime factors of 55955595?
3, 5, 73, 137, 373
What are the prime factors of 116537341?
29, 71, 56599
List the prime factors of 456621562.
2, 228310781
What are the prime factors of 2916760436?
2, 83, 8785423
List the prime factors of 1133018372.
2, 283254593
What are the prime factors of 5067473?
101, 131, 383
What are the prime factors of 2841253584?
2, 3, 13, 149, 30559
What are the prime factors of 35485591?
61, 581731
List the prime factors of 695367346.
2, 1889, 184057
What are the prime factors of 964834237?
37, 67, 157
List the prime factors of 16269803.
11, 1479073
List the prime factors of 19931886.
2, 3, 13, 28393
List the prime factors of 235790508.
2, 3, 41, 11689
List the prime factors of 77522871.
3, 109, 237073
What are the prime factors of 270843850?
2, 5, 727, 7451
List the prime factors of 85136833.
17, 67, 74747
List the prime factors of 157342768.
2, 11, 83, 10771
List the prime factors of 101142193.
101142193
List the prime factors of 6311854620.
2, 3, 5, 5857, 5987
List the prime factors of 271013468.
2, 11, 29, 47, 4519
What are the prime factors of 840464986?
2, 41, 10249573
What are the prime factors of 53525813?
11, 53, 91811
List the prime factors of 92250103.
11, 8386373
List the prime factors of 60789912.
2, 3, 2532913
List the prime factors of 6389809190.
2, 5, 638980919
What are the prime factors of 69694459?
69694459
What are the prime factors of 1470887480?
2, 5, 36772187
List the prime factors of 467191029.
3, 2341, 66523
List the prime factors of 7381767.
3, 43, 57223
List the prime factors of 2737256857.
19463, 140639
What are the prime factors of 2460003249?
3, 11, 23, 1553, 2087
What are the prime factors of 47477208?
2, 3, 1231, 1607
What are the prime factors of 17801896?
2, 7, 45413
What are the prime factors of 22460138?
2, 11230069
What are the prime factors of 1127153899?
1127153899
List the prime factors of 2552053215.
3, 5, 29, 967, 6067
List the prime factors of 26923070.
2, 5, 17, 158371
List the prime factors of 338661127.
7, 1733, 27917
What are the prime factors of 697725454?
2, 41, 8508847
List the prime factors of 47173507.
79, 597133
List the prime factors